[INFO] cloning repository https://github.com/75-akimas/fa-string-search
[INFO] running `Command { std: "git" "-c" "credential.helper=" "-c" "credential.helper=/workspace/cargo-home/bin/git-credential-null" "clone" "--bare" "https://github.com/75-akimas/fa-string-search" "/workspace/cache/git-repos/https%3A%2F%2Fgithub.com%2F75-akimas%2Ffa-string-search", kill_on_drop: false }`
[INFO] [stderr] Cloning into bare repository '/workspace/cache/git-repos/https%3A%2F%2Fgithub.com%2F75-akimas%2Ffa-string-search'...
[INFO] running `Command { std: "git" "rev-parse" "HEAD", kill_on_drop: false }`
[INFO] [stdout] 078f37912646a1e1d56ec3e791ce5b81692fc1d0
[INFO] checking 75-akimas/fa-string-search against master#af3c6e733a40e671550e0f0f5aeecaa13772ba56 for pr-74989
[INFO] running `Command { std: "git" "clone" "/workspace/cache/git-repos/https%3A%2F%2Fgithub.com%2F75-akimas%2Ffa-string-search" "/workspace/builds/worker-6/source", kill_on_drop: false }`
[INFO] [stderr] Cloning into '/workspace/builds/worker-6/source'...
[INFO] [stderr] done.
[INFO] [stderr] Checking out files:  83% (10/12)   
Checking out files:  91% (11/12)   
Checking out files: 100% (12/12)   
Checking out files: 100% (12/12), done.
[INFO] validating manifest of git repo https://github.com/75-akimas/fa-string-search on toolchain af3c6e733a40e671550e0f0f5aeecaa13772ba56
[INFO] running `Command { std: "/workspace/cargo-home/bin/cargo" "+af3c6e733a40e671550e0f0f5aeecaa13772ba56" "read-manifest" "--manifest-path" "Cargo.toml", kill_on_drop: false }`
[INFO] started tweaking git repo https://github.com/75-akimas/fa-string-search
[INFO] finished tweaking git repo https://github.com/75-akimas/fa-string-search
[INFO] tweaked toml for git repo https://github.com/75-akimas/fa-string-search written to /workspace/builds/worker-6/source/Cargo.toml
[INFO] crate git repo https://github.com/75-akimas/fa-string-search already has a lockfile, it will not be regenerated
[INFO] running `Command { std: "/workspace/cargo-home/bin/cargo" "+af3c6e733a40e671550e0f0f5aeecaa13772ba56" "fetch" "--locked" "--manifest-path" "Cargo.toml", kill_on_drop: false }`
[INFO] running `Command { std: "docker" "create" "-v" "/var/lib/crater-agent-workspace/builds/worker-6/target:/opt/rustwide/target:rw,Z" "-v" "/var/lib/crater-agent-workspace/builds/worker-6/source:/opt/rustwide/workdir:ro,Z" "-v" "/var/lib/crater-agent-workspace/cargo-home:/opt/rustwide/cargo-home:ro,Z" "-v" "/var/lib/crater-agent-workspace/rustup-home:/opt/rustwide/rustup-home:ro,Z" "-e" "SOURCE_DIR=/opt/rustwide/workdir" "-e" "CARGO_TARGET_DIR=/opt/rustwide/target" "-e" "CARGO_HOME=/opt/rustwide/cargo-home" "-e" "RUSTUP_HOME=/opt/rustwide/rustup-home" "-w" "/opt/rustwide/workdir" "-m" "1610612736" "--user" "0:0" "--network" "none" "rustops/crates-build-env@sha256:d92eaeed33fa75130ca1ee6c8a01d1ffb62bac859dfdfb3450e3e5d1c0146529" "/opt/rustwide/cargo-home/bin/cargo" "+af3c6e733a40e671550e0f0f5aeecaa13772ba56" "metadata" "--no-deps" "--format-version=1", kill_on_drop: false }`
[INFO] [stdout] 5595bd16b8271a8470d4268cd14b87beed95359e4b06f66430901a59b0f5171f
[INFO] [stderr] WARNING: Your kernel does not support swap limit capabilities or the cgroup is not mounted. Memory limited without swap.
[INFO] running `Command { std: "docker" "start" "-a" "5595bd16b8271a8470d4268cd14b87beed95359e4b06f66430901a59b0f5171f", kill_on_drop: false }`
[INFO] running `Command { std: "docker" "inspect" "5595bd16b8271a8470d4268cd14b87beed95359e4b06f66430901a59b0f5171f", kill_on_drop: false }`
[INFO] running `Command { std: "docker" "rm" "-f" "5595bd16b8271a8470d4268cd14b87beed95359e4b06f66430901a59b0f5171f", kill_on_drop: false }`
[INFO] [stdout] 5595bd16b8271a8470d4268cd14b87beed95359e4b06f66430901a59b0f5171f
[INFO] running `Command { std: "docker" "create" "-v" "/var/lib/crater-agent-workspace/builds/worker-6/target:/opt/rustwide/target:rw,Z" "-v" "/var/lib/crater-agent-workspace/builds/worker-6/source:/opt/rustwide/workdir:ro,Z" "-v" "/var/lib/crater-agent-workspace/cargo-home:/opt/rustwide/cargo-home:ro,Z" "-v" "/var/lib/crater-agent-workspace/rustup-home:/opt/rustwide/rustup-home:ro,Z" "-e" "SOURCE_DIR=/opt/rustwide/workdir" "-e" "CARGO_TARGET_DIR=/opt/rustwide/target" "-e" "CARGO_INCREMENTAL=0" "-e" "RUST_BACKTRACE=full" "-e" "RUSTFLAGS=--cap-lints=forbid" "-e" "CARGO_HOME=/opt/rustwide/cargo-home" "-e" "RUSTUP_HOME=/opt/rustwide/rustup-home" "-w" "/opt/rustwide/workdir" "-m" "1610612736" "--user" "0:0" "--network" "none" "rustops/crates-build-env@sha256:d92eaeed33fa75130ca1ee6c8a01d1ffb62bac859dfdfb3450e3e5d1c0146529" "/opt/rustwide/cargo-home/bin/cargo" "+af3c6e733a40e671550e0f0f5aeecaa13772ba56" "check" "--frozen" "--all" "--all-targets" "--message-format=json", kill_on_drop: false }`
[INFO] [stdout] 8bfa4eb252ac524b290b1d001dee79a09e8b564b42cfa228cb12bef29a4bd10f
[INFO] [stderr] WARNING: Your kernel does not support swap limit capabilities or the cgroup is not mounted. Memory limited without swap.
[INFO] running `Command { std: "docker" "start" "-a" "8bfa4eb252ac524b290b1d001dee79a09e8b564b42cfa228cb12bef29a4bd10f", kill_on_drop: false }`
[INFO] [stderr]    Compiling libc v0.2.65
[INFO] [stderr]    Compiling byteorder v1.3.2
[INFO] [stderr]     Checking bit-vec v0.6.1
[INFO] [stderr]     Checking iovec v0.1.4
[INFO] [stderr]     Checking bytes v0.4.12
[INFO] [stderr]     Checking fa-search v0.1.0 (/opt/rustwide/workdir)
[INFO] [stdout] error[E0425]: cannot find value `s` in this scope
[INFO] [stdout]    --> src/main.rs:510:9
[INFO] [stdout]     |
[INFO] [stdout] 510 |         s.push(read_to_string("data/manual.txt").unwrap().chars().collect::<Vec<char>>());
[INFO] [stdout]     |         ^ not found in this scope
[INFO] [stdout] 
[INFO] [stdout] 
[INFO] [stdout] error[E0425]: cannot find value `s` in this scope
[INFO] [stdout]    --> src/main.rs:522:21
[INFO] [stdout]     |
[INFO] [stdout] 522 |         for i in 0..s.len() {
[INFO] [stdout]     |                     ^ not found in this scope
[INFO] [stdout] 
[INFO] [stdout] 
[INFO] [stdout] error[E0425]: cannot find value `s` in this scope
[INFO] [stdout]    --> src/main.rs:524:25
[INFO] [stdout]     |
[INFO] [stdout] 524 |             for j in 0..s[i].len() {
[INFO] [stdout]     |                         ^ help: a local variable with a similar name exists: `i`
[INFO] [stdout] 
[INFO] [stdout] 
[INFO] [stdout] error[E0425]: cannot find value `s` in this scope
[INFO] [stdout]    --> src/main.rs:525:38
[INFO] [stdout]     |
[INFO] [stdout] 525 |                 trie_alphabet.insert(s[i][j]);
[INFO] [stdout]     |                                      ^ help: a local variable with a similar name exists: `i`
[INFO] [stdout] 
[INFO] [stdout] 
[INFO] [stdout] error[E0425]: cannot find value `s` in this scope
[INFO] [stdout]    --> src/main.rs:526:45
[INFO] [stdout]     |
[INFO] [stdout] 526 |                 match trie_trans.get(&(crt, s[i][j])) {
[INFO] [stdout]     |                                             ^ help: a local variable with a similar name exists: `i`
[INFO] [stdout] 
[INFO] [stdout] 
[INFO] [stdout] error[E0425]: cannot find value `s` in this scope
[INFO] [stdout]    --> src/main.rs:535:49
[INFO] [stdout]     |
[INFO] [stdout] 535 |                         trie_trans.insert((crt, s[i][j]), last);
[INFO] [stdout]     |                                                 ^ help: a local variable with a similar name exists: `i`
[INFO] [stdout] 
[INFO] [stdout] 
[INFO] [stdout] warning: unused import: `std::fs::File`
[INFO] [stdout]  --> src/main.rs:4:5
[INFO] [stdout]   |
[INFO] [stdout] 4 | use std::fs::File;
[INFO] [stdout]   |     ^^^^^^^^^^^^^
[INFO] [stdout]   |
[INFO] [stdout]   = note: `#[warn(unused_imports)]` on by default
[INFO] [stdout] 
[INFO] [stdout] 
[INFO] [stdout] warning: unused imports: `BufRead`, `BufReader`, `self`
[INFO] [stdout]  --> src/main.rs:5:15
[INFO] [stdout]   |
[INFO] [stdout] 5 | use std::io::{self, BufRead, BufReader};
[INFO] [stdout]   |               ^^^^  ^^^^^^^  ^^^^^^^^^
[INFO] [stdout] 
[INFO] [stdout] 
[INFO] [stdout] error[E0425]: cannot find value `s` in this scope
[INFO] [stdout]    --> src/main.rs:510:9
[INFO] [stdout]     |
[INFO] [stdout] 510 |         s.push(read_to_string("data/manual.txt").unwrap().chars().collect::<Vec<char>>());
[INFO] [stdout]     |         ^ not found in this scope
[INFO] [stdout] 
[INFO] [stdout] 
[INFO] [stdout] error[E0425]: cannot find value `s` in this scope
[INFO] [stdout]    --> src/main.rs:522:21
[INFO] [stdout]     |
[INFO] [stdout] 522 |         for i in 0..s.len() {
[INFO] [stdout]     |                     ^ not found in this scope
[INFO] [stdout] 
[INFO] [stdout] 
[INFO] [stdout] error[E0425]: cannot find value `s` in this scope
[INFO] [stdout]    --> src/main.rs:524:25
[INFO] [stdout]     |
[INFO] [stdout] 524 |             for j in 0..s[i].len() {
[INFO] [stdout]     |                         ^ help: a local variable with a similar name exists: `i`
[INFO] [stdout] 
[INFO] [stdout] 
[INFO] [stdout] error[E0425]: cannot find value `s` in this scope
[INFO] [stdout]    --> src/main.rs:525:38
[INFO] [stdout]     |
[INFO] [stdout] 525 |                 trie_alphabet.insert(s[i][j]);
[INFO] [stdout]     |                                      ^ help: a local variable with a similar name exists: `i`
[INFO] [stdout] 
[INFO] [stdout] 
[INFO] [stdout] error[E0425]: cannot find value `s` in this scope
[INFO] [stdout]    --> src/main.rs:526:45
[INFO] [stdout]     |
[INFO] [stdout] 526 |                 match trie_trans.get(&(crt, s[i][j])) {
[INFO] [stdout]     |                                             ^ help: a local variable with a similar name exists: `i`
[INFO] [stdout] 
[INFO] [stdout] 
[INFO] [stdout] error[E0425]: cannot find value `s` in this scope
[INFO] [stdout]    --> src/main.rs:535:49
[INFO] [stdout]     |
[INFO] [stdout] 535 |                         trie_trans.insert((crt, s[i][j]), last);
[INFO] [stdout]     |                                                 ^ help: a local variable with a similar name exists: `i`
[INFO] [stdout] 
[INFO] [stdout] 
[INFO] [stdout] warning: unused import: `std::fs::File`
[INFO] [stdout]  --> src/main.rs:4:5
[INFO] [stdout]   |
[INFO] [stdout] 4 | use std::fs::File;
[INFO] [stdout]   |     ^^^^^^^^^^^^^
[INFO] [stdout]   |
[INFO] [stdout]   = note: `#[warn(unused_imports)]` on by default
[INFO] [stdout] 
[INFO] [stdout] 
[INFO] [stdout] warning: unused imports: `BufRead`, `BufReader`, `self`
[INFO] [stdout]  --> src/main.rs:5:15
[INFO] [stdout]   |
[INFO] [stdout] 5 | use std::io::{self, BufRead, BufReader};
[INFO] [stdout]   |               ^^^^  ^^^^^^^  ^^^^^^^^^
[INFO] [stdout] 
[INFO] [stdout] 
[INFO] [stdout] error: aborting due to 6 previous errors; 2 warnings emitted
[INFO] [stdout] 
[INFO] [stdout] 
[INFO] [stdout] For more information about this error, try `rustc --explain E0425`.
[INFO] [stdout] 
[INFO] [stderr] error: could not compile `fa-search`.
[INFO] [stderr] 
[INFO] [stderr] To learn more, run the command again with --verbose.
[INFO] [stderr] warning: build failed, waiting for other jobs to finish...
[INFO] [stdout] error: aborting due to 6 previous errors; 2 warnings emitted
[INFO] [stdout] 
[INFO] [stdout] 
[INFO] [stdout] For more information about this error, try `rustc --explain E0425`.
[INFO] [stdout] 
[INFO] [stderr] error: build failed
[INFO] running `Command { std: "docker" "inspect" "8bfa4eb252ac524b290b1d001dee79a09e8b564b42cfa228cb12bef29a4bd10f", kill_on_drop: false }`
[INFO] running `Command { std: "docker" "rm" "-f" "8bfa4eb252ac524b290b1d001dee79a09e8b564b42cfa228cb12bef29a4bd10f", kill_on_drop: false }`
[INFO] [stdout] 8bfa4eb252ac524b290b1d001dee79a09e8b564b42cfa228cb12bef29a4bd10f
